.
9
What is the highest common factor of 265 and 583?
53
Calculate the highest common divisor of 153 and 51.
51
Calculate the greatest common factor of 10692 and 528.
132
Calculate the greatest common divisor of 22 and 440.
22
What is the greatest common divisor of 108 and 81?
27
What is the highest common factor of 1472 and 64?
64
What is the highest common factor of 6 and 7782?
6
Calculate the greatest common divisor of 24 and 42.
6
What is the greatest common factor of 10236 and 12?
12
Calculate the greatest common divisor of 138 and 13386.
138
What is the greatest common divisor of 95 and 95?
95
Calculate the highest common factor of 408 and 7242.
102
Calculate the greatest common factor of 248 and 8.
8
What is the greatest common factor of 6262 and 62?
62
Calculate the highest common divisor of 170 and 68.
34
Calculate the highest common factor of 13450 and 50.
50
Calculate the greatest common factor of 2300 and 184.
92
What is the highest common divisor of 136 and 2805?
17
What is the greatest common factor of 90 and 300?
30
What is the highest common factor of 5150 and 100?
50
Calculate the highest common divisor of 15 and 1.
1
What is the highest common divisor of 790 and 79?
79
What is the greatest common divisor of 24 and 73104?
24
Calculate the highest common factor of 24 and 104.
8
What is the highest common factor of 572 and 1300?
52
Calculate the highest common divisor of 140 and 20.
20
Calculate the highest common divisor of 15341 and 29.
29
Calculate the greatest common factor of 2 and 180.
2
What is the greatest common divisor of 110 and 1408?
22
What is the highest common factor of 7317 and 54?
27
Calculate the highest common divisor of 568 and 3.
1
Calculate the highest common divisor of 536 and 335.
67
Calculate the highest common divisor of 899 and 58.
29
What is the greatest common factor of 305 and 671?
61
What is the greatest common divisor of 26 and 767?
13
Calculate the greatest common divisor of 65302 and 206.
206
What is the greatest common divisor of 51 and 153?
51
Calculate the highest common factor of 89 and 267.
89
What is the highest common factor of 1300 and 52?
52
Calculate the highest common divisor of 1862 and 1463.
133
Calculate the greatest common factor of 70 and 17990.
70
Calculate the highest common divisor of 65903 and 59.
59
What is the highest common factor of 24 and 3288?
24
Calculate the greatest common divisor of 49 and 637.
49
Calculate the highest common factor of 3 and 3957.
3
What is the greatest common factor of 102 and 238?
34
What is the greatest common divisor of 3894 and 330?
66
Calculate the greatest common factor of 15 and 1335.
15
Calculate the greatest common factor of 1893 and 3.
3
Calculate the highest common factor of 1717 and 17.
17
What is the highest common factor of 10523 and 153?
17
What is the highest common divisor of 44 and 6578?
22
What is the highest common divisor of 7415 and 5?
5
Calculate the greatest common divisor of 351 and 247.
13
What is the highest common divisor of 234 and 26?
26
Calculate the highest common divisor of 16 and 6.
2
Calculate the highest common divisor of 22 and 10395.
11
What is the highest common divisor of 403 and 65?
13
Calculate the highest common factor of 61 and 793.
61
What is the greatest common divisor of 627 and 11?
11
What is the greatest common factor of 104 and 52?
52
What is the highest common divisor of 91 and 221?
13
Calculate the highest common divisor of 81 and 1107.
27
What is the highest common divisor of 702 and 2?
2
What is the greatest common divisor of 48 and 27840?
48
Calculate the greatest common divisor of 116 and 116.
116
Calculate the highest common divisor of 1024 and 5504.
128
What is the highest common factor of 39 and 299?
13
What is the greatest common factor of 260 and 676?
52
Calculate the highest common divisor of 143 and 11.
11
What is the highest common factor of 1908 and 2332?
212
What is the greatest common divisor of 27 and 5517?
9
Calculate the greatest common factor of 13 and 1391.
13
What is the highest common divisor of 10 and 8?
2
What is the highest common factor of 261 and 1537?
29
Calculate the highest common factor of 20351 and 47.
47
What is the greatest common factor of 2112 and 396?
132
What is the greatest common divisor of 9766 and 76?
38
What is the greatest common divisor of 76 and 1748?
76
Calculate the greatest common factor of 12 and 192.
12
What is the highest common divisor of 32903 and 26?
13
What is the greatest common factor of 720 and 45?
45
What is the highest common factor of 14 and 68194?
14
What is the greatest common factor of 3 and 24?
3
Calculate the highest common divisor of 1763 and 656.
41
What is the greatest common factor of 36 and 900?
36
Calculate the greatest common factor of 2460 and 180.
60
Calculate the greatest common divisor of 286 and 110.
22
Calculate the greatest common divisor of 583 and 1007.
53
What is the highest common divisor of 1088 and 289?
17
What is the highest common factor of 1080 and 20?
20
What is the greatest common factor of 114 and 798?
114
What is the highest common divisor of 144 and 2416?
16
Calculate the greatest common factor of 110 and 70.
10
What is the highest common divisor of 32 and 544?
32
Calculate the highest common divisor of 53207 and 77.
77
What is the highest common factor of 32 and 1864?
8
Calculate the greatest common factor of 9 and 93.
3
What is the highest common divisor of 15 and 125?
5
Calculate the highest common divisor of 55188 and 14.
14
Calculate the highest common divisor of 30 and 1005.
15
What is the highest common divisor of 18 and 351?
9
What is the highest common factor of 73 and 219?
73
Calculate the highest common divisor of 232 and 216.
8
Calculate the highest common divisor of 1089 and 198.
99
Calculate the highest common divisor of 4352 and 34.
34
Calculate the highest common factor of 8281 and 98.
49
Calculate the highest common factor of 44 and 110.
22
What is the greatest common divisor of 18055 and 314?
157
What is the greatest common divisor of 29 and 1189?
29
Calculate the highest common divisor of 51 and 3.
3
What is the greatest common factor of 4470 and 90?
30
Calculate the highest common divisor of 19 and 931.
19
What is the highest common divisor of 118 and 531?
59
What is the greatest common divisor of 1 and 37?
1
What is the greatest common divisor of 5 and 95?
5
What is the highest common divisor of 870 and 8990?
290
Calculate the greatest common divisor of 80 and 30.
10
Calculate the greatest common divisor of 209 and 77.
11
Calculate the highest common divisor of 3402 and 14.
14
Calculate the greatest common divisor of 170 and 230.
10
What is the greatest common factor of 693 and 8415?
99
Calculate the highest common factor of 12972 and 141.
141
What is the greatest common factor of 142 and 27122?
142
Calculate the highest common divisor of 132 and 572.
44
Calculate the highest common divisor of 44 and 121.
11
Calculate the greatest common divisor of 118 and 4.
2
Calculate the highest common factor of 799 and 47.
47
What is the greatest common factor of 1539 and 3?
3
What is the greatest common divisor of 192 and 320?
64
Calculate the greatest common factor of 600 and 840.
120
Calculate the highest common divisor of 56 and 7028.
28
Calculate the highest common divisor of 7205 and 33.
11
What is the greatest common divisor of 358 and 6444?
358
What is the highest common divisor of 6 and 156?
6
Calculate the greatest common factor of 330 and 715.
55
Calculate the greatest common factor of 924 and 121.
11
What is the greatest common divisor of 324 and 243?
81
Calculate the greatest common factor of 1943 and 87.
29
What is the greatest common factor of 31 and 775?
31
Calculate the highest common factor of 4 and 19.
1
Calculate the highest common factor of 880 and 10780.
220
What is the greatest common divisor of 1422 and 9?
9
Calculate the highest common factor of 32 and 224.
32
Calculate the greatest common divisor of 4214 and 28.
14
What is the highest common factor of 60 and 24?
12
Calculate the greatest common factor of 735 and 15.
15
Calculate the greatest common factor of 109 and 28013.
109
Calculate the highest common divisor of 166 and 11122.
166
Calculate the highest common d